{"id":145,"date":"2014-04-15T08:35:01","date_gmt":"2014-04-15T06:35:01","guid":{"rendered":"http:\/\/sanchezrubio.eu\/?page_id=145"},"modified":"2014-04-15T08:35:13","modified_gmt":"2014-04-15T06:35:13","slug":"los-recortes","status":"publish","type":"page","link":"https:\/\/sanchezrubio.eu\/?page_id=145","title":{"rendered":"Los recortes"},"content":{"rendered":"<div class=\"shariff\" data-title=\"Los recortes\" data-info-url=\"http:\/\/ct.de\/-2467514\" data-backend-url=\"https:\/\/sanchezrubio.eu\/wp-content\/plugins\/shariff-sharing\/backend\/index.php\" data-temp=\"\/tmp\" data-ttl=\"60\" data-service=\"gftr\" data-services='[\"googleplus\",\"facebook\",\"twitter\",\"reddit\",\"info\"]' data-image=\"\" data-url=\"https:\/\/sanchezrubio.eu\/?page_id=145\" data-lang=\"es\" data-theme=\"colored\" data-orientation=\"horizontal\"><\/div><p><b>Art\u00edculo de opini\u00f3n publicado en Lancelot Digital el 17 e julio de 2.012 <\/b><a href=\"http:\/\/www.lancelotdigital.com\/opinion\/opinion-los-recortes\" target=\"_blank\"><strong>(Pinche aqu\u00ed para ver publicaci\u00f3n)<\/strong><\/a><\/p>\n<p align=\"center\"><b>Los recortes<\/b><b>\u00a0<\/b><\/p>\n<p>15 de mayo de 2.012<\/p>\n<p>Parece haberse puesto de moda esto de recortar del presupuesto (algo que llevamos haciendo nosotros en nuestras propias econom\u00edas, desde antes de que Zapatero se empe\u00f1ara en que no hab\u00eda crisis).<\/p>\n<p>S\u00ed, ahora es el tema del d\u00eda y parece que todos los pol\u00edticos han encontrado una nueva forma de lucirse ante los electores. Si uno dice: Hemos tenido que recortar en Sanidad y en educaci\u00f3n, otro le responde: No hay derecho, en lo que hay que recortar es en otras cosas (pero no dice en que). En lo que estar\u00e1n Uds. de acuerdo conmigo, es un que ninguno habla de recortar el n\u00famero de pol\u00edticos, magnitud en la que les ganamos a todos los pa\u00edses de nuestro entorno por goleada. Seg\u00fan parece, ya sabemos cuantos pol\u00edticos viven de nuestros impuestos y no bajan de 445.568, seg\u00fan desvela un estudio de la Presidencia del Gobierno. El informe, que considera tambi\u00e9n como pol\u00edticos a los liberados sindicales, indica que son 65.130 <i>\u201ctrabajadores\u201d<\/i> los liberados de ese castigo divino que consiste en ganarse el pan con el sudor de la frente.<\/p>\n<p>Adem\u00e1s, llama la atenci\u00f3n que sean mas de 131.000 los pol\u00edticos <i>\u201ccolocados\u201d<\/i> en empresas p\u00fablicas estatales, auton\u00f3micas y municipales y les siguen en n\u00famero los alcaldes y concejales, que alcanzan la cifra de 74.008.<\/p>\n<p>Ante cualquier dato estad\u00edstico, lo normal es compararlo con lo que sucede en otros pa\u00edses de la Uni\u00f3n Europea, al igual que se echa mano de esta comparaci\u00f3n, cuando nos suben cualquier tasa o impuesto, que los pol\u00edticos se apresuran a justificar porque en otros pa\u00edses son mas elevados que en el nuestro, seg\u00fan dicen.<\/p>\n<p>En nuestro pa\u00eds, si hacemos una simple divisi\u00f3n, repartimos el n\u00famero de pol\u00edticos, elegidos y designados a dedo, por el n\u00famero de habitantes que son 47.190.493, salimos a, pr\u00e1cticamente, un pol\u00edtico por cada 100 habitantes, lo que representa el doble que en Italia o Francia y, seg\u00fan indica el estudio, tenemos 300.000 pol\u00edticos mas que Alemania, donde hay una poblaci\u00f3n de 80 millones de habitantes.<\/p>\n<p>Pero podemos seguir comparando. \u00bfSaben Uds. cuantos m\u00e9dicos, bomberos o polic\u00edas tenemos en Espa\u00f1a?, pues seg\u00fan parece, hay 165.967 m\u00e9dicos, 19.854 bomberos y 140.000 polic\u00edas. Sumen Uds. y ya ver\u00e1n, hay mas pol\u00edticos que m\u00e9dicos, bomberos y polic\u00edas juntos. Y si me refiero a los m\u00e9dicos, bomberos y polic\u00edas es porque son los que, con mas frecuencia, nos sacan de los problemas. Bueno, de los problemas que no generan los pol\u00edticos, porque de esos no hay quien nos saque.<\/p>\n<p>Ante estas cifras, uno se pregunta si, ya que tenemos 300.000 pol\u00edticos mas que los alemanes, con casi la mitad de la poblaci\u00f3n y el doble de pol\u00edticos por cada cien habitantes, que los franceses y los italianos, si no ser\u00eda bueno que se incrementara la cifra de desempleados, de un golpe, en 300.000 procedentes de entre los pol\u00edticos, porque, de verdad \u00bfnecesitamos tanto pol\u00edtico con tan poca econom\u00eda?.<\/p>\n<p>Lo que no se\u00f1ala el estudio es cuanto nos cuestan estos mas de 445.000 pol\u00edticos, pero yo no creo que cobren de media menos de 2.000 euritos por cabeza, as\u00ed que yo sigo con lo m\u00edo, que son los c\u00e1lculos y si multiplico 2.000 \u20ac. al mes, por 14 pagas al a\u00f1o y por los 300.000 pol\u00edticos que nos sobran me salen&#8230; 8.400 millones al a\u00f1o, ni mas ni menos que casi el 0,75% del PIB lo que empleamos para pagarles.<\/p>\n<p>Se\u00f1oras y se\u00f1ores, todo esto me hace recordar la letra de aquella canci\u00f3n inolvidable de El Gran Combo, que dice:<\/p>\n<p><span style=\"color: #0000ff;\"><i>En Navidad fui invitado<\/i><\/span><\/p>\n<p><span style=\"color: #0000ff;\"><i>a la casa de Tav\u00edn<\/i><\/span><\/p>\n<p><span style=\"color: #0000ff;\"><i>para un tremendo fest\u00edn<\/i><\/span><\/p>\n<p><span style=\"color: #0000ff;\"><i>que dijo hab\u00eda preparado.<\/i><\/span><\/p>\n<p><span style=\"color: #0000ff;\"><i>All\u00ed lleg\u00f3 P\u00e9rez Prado, oiga.<\/i><\/span><\/p>\n<p><span style=\"color: #0000ff;\"><i>Los Guaracheros de Oriente.<\/i><\/span><\/p>\n<p><span style=\"color: #0000ff;\"><i>La fiesta estaba caliente.<\/i><\/span><\/p>\n<p><span style=\"color: #0000ff;\"><i>Johny &#8220;El Men&#8221; casi dorm\u00eda<\/i><\/span><\/p>\n<p><span style=\"color: #0000ff;\"><i>y Eddie Mir\u00f3 le dec\u00eda:<\/i><\/span><\/p>\n<p><i>No hay cama pa&#8217; tanta gente.<\/i><\/p>\n<p><span style=\"color: #000080;\">\u00a0<span style=\"color: #000000;\">Y, se\u00f1oras y se\u00f1ores, \u00bfno creen Uds. que no hay cama pa\u2019 tanta gente?<\/span><\/span><span style=\"color: #000000;\"><i>\u00a0<\/i><\/span><\/p>\n<p align=\"right\"><i>Jos\u00e9 Ignacio S\u00e1nchez Rubio<\/i><\/p>\n<p align=\"right\"><i>Abogado y economista<\/i><\/p>\n<p align=\"right\"><i>ignacio@rwall.es<\/i><\/p>\n","protected":false},"excerpt":{"rendered":"<p>Art\u00edculo de opini\u00f3n publicado en Lancelot Digital el 17 e julio de 2.012 (Pinche aqu\u00ed para ver publicaci\u00f3n) Los recortes\u00a0 15 de mayo de 2.012 Parece haberse puesto de moda esto de recortar del presupuesto (algo que llevamos haciendo nosotros &hellip; <a href=\"https:\/\/sanchezrubio.eu\/?page_id=145\">Sigue leyendo <span class=\"meta-nav\">&rarr;<\/span><\/a><\/p>\n","protected":false},"author":1,"featured_media":0,"parent":97,"menu_order":11,"comment_status":"open","ping_status":"open","template":"","meta":{"_bbp_topic_count":0,"_bbp_reply_count":0,"_bbp_total_topic_count":0,"_bbp_total_reply_count":0,"_bbp_voice_count":0,"_bbp_anonymous_reply_count":0,"_bbp_topic_count_hidden":0,"_bbp_reply_count_hidden":0,"_bbp_forum_subforum_count":0,"footnotes":""},"class_list":["post-145","page","type-page","status-publish","hentry"],"_links":{"self":[{"href":"https:\/\/sanchezrubio.eu\/index.php?rest_route=\/wp\/v2\/pages\/145","targetHints":{"allow":["GET"]}}],"collection":[{"href":"https:\/\/sanchezrubio.eu\/index.php?rest_route=\/wp\/v2\/pages"}],"about":[{"href":"https:\/\/sanchezrubio.eu\/index.php?rest_route=\/wp\/v2\/types\/page"}],"author":[{"embeddable":true,"href":"https:\/\/sanchezrubio.eu\/index.php?rest_route=\/wp\/v2\/users\/1"}],"replies":[{"embeddable":true,"href":"https:\/\/sanchezrubio.eu\/index.php?rest_route=%2Fwp%2Fv2%2Fcomments&post=145"}],"version-history":[{"count":2,"href":"https:\/\/sanchezrubio.eu\/index.php?rest_route=\/wp\/v2\/pages\/145\/revisions"}],"predecessor-version":[{"id":147,"href":"https:\/\/sanchezrubio.eu\/index.php?rest_route=\/wp\/v2\/pages\/145\/revisions\/147"}],"up":[{"embeddable":true,"href":"https:\/\/sanchezrubio.eu\/index.php?rest_route=\/wp\/v2\/pages\/97"}],"wp:attachment":[{"href":"https:\/\/sanchezrubio.eu\/index.php?rest_route=%2Fwp%2Fv2%2Fmedia&parent=145"}],"curies":[{"name":"wp","href":"https:\/\/api.w.org\/{rel}","templated":true}]}}