{"id":15,"date":"2014-04-01T14:26:59","date_gmt":"2014-04-01T14:26:59","guid":{"rendered":"http:\/\/sanchezrubio.eu\/?page_id=15"},"modified":"2014-04-05T06:51:44","modified_gmt":"2014-04-05T06:51:44","slug":"referencias-2","status":"publish","type":"page","link":"https:\/\/sanchezrubio.eu\/?page_id=15","title":{"rendered":"El fantasma de la estanflaci\u00f3n"},"content":{"rendered":"<div class=\"shariff\" data-title=\"El fantasma de la estanflaci\u00f3n\" data-info-url=\"http:\/\/ct.de\/-2467514\" data-backend-url=\"https:\/\/sanchezrubio.eu\/wp-content\/plugins\/shariff-sharing\/backend\/index.php\" data-temp=\"\/tmp\" data-ttl=\"60\" data-service=\"gftr\" data-services='[\"googleplus\",\"facebook\",\"twitter\",\"reddit\",\"info\"]' data-image=\"\" data-url=\"https:\/\/sanchezrubio.eu\/?page_id=15\" data-lang=\"es\" data-theme=\"colored\" data-orientation=\"horizontal\"><\/div><p><b><span style=\"text-decoration: underline;\">Art\u00edculo de opini\u00f3n publicado en Lancelot Digital el 11 de abril de 2.011<\/span><\/b> <a href=\"http:\/\/lancelotdigital.com\/opinion\/opinion-el-fantasma-de-la-estanflacion\" target=\"_blank\"><strong>(Pinche aqu\u00ed para ver publicaci\u00f3n)<\/strong><\/a><\/p>\n<p><b>El fantasma de la estanflaci\u00f3n<\/b><\/p>\n<p><span style=\"color: #000080;\">Lamentablemente, hoy toca hablar de econom\u00eda. Digo lamentablemente, porque, como dicen los que entienden de medios de comunicaci\u00f3n, una noticia no es noticia si no es mala.<\/span><\/p>\n<p><span style=\"color: #000080;\">Efectivamente, rara vez hablamos de econom\u00eda cuando nos van bien las cosas, simplemente nos dedicamos a disfrutar.<\/span><\/p>\n<p><span style=\"color: #000080;\">En este caso quiero, con el permiso de Uds., realizar aqu\u00ed una serie de disquisiciones y hacerles una apuesta: <b><i><span style=\"text-decoration: underline;\">\u00bfQue apuestan Uds. a que la inflaci\u00f3n en Espa\u00f1a, a finales del pr\u00f3ximo Enero est\u00e1 por encima del 5%?<\/span><\/i><\/b>. Esto, claro, si sigue el Sr. ZParo al frente del Gobierno del, como dice Don Antonio Coll, mal llamado Reino de Espa\u00f1a.<\/span><\/p>\n<p><span style=\"color: #000080;\">Antes de nada, un par de notas acerca de dos indicadores econ\u00f3micos: El <b>PIB<\/b> (Producto Interior Bruto) y la <b>Inflaci\u00f3n<\/b>. El primero de ellos, refleja el incremento que se produce en un pa\u00eds, respecto del mismo mes del a\u00f1o anterior, en la producci\u00f3n de bienes y servicios. La inflaci\u00f3n, refleja en encarecimiento medio de los precios, tambi\u00e9n respecto de la misma referencia cronol\u00f3gica.<\/span><\/p>\n<p><span style=\"color: #000080;\">En general hemos de tener en cuenta una perogrullada: para que se produzcan mas bienes y servicios, hay que consumirlos ya que, obviamente, en caso contrario, los encargados de fabricarlos no los producir\u00e1n y, eso, conllevar\u00e1 el que, a corto plazo, se ver\u00e1n obligados a despedir trabajadores, pues no tiene sentido tener empleados si no hay trabajo que realizar. Todo esto, como pescadilla que se muerde la cola, har\u00e1 que las familias, al ganar menos dinero por estar desempleados, consumir\u00e1n menos y se producir\u00e1 una nueva vuelta de tuerca en el despido de trabajadores.<\/span><\/p>\n<p><span style=\"color: #000080;\">La inflaci\u00f3n representa, por el contrario, una situaci\u00f3n distinta. Un poco en aplicaci\u00f3n de la impl\u00edcita ley de la oferta y la demanda, cuanto mas consumimos, mas aumentan los precios y a la inversa, lo cual convierte la pol\u00edtica fiscal en un mecanismo regulador para frenar la inflaci\u00f3n, que no resulta buena compa\u00f1era de viaje.<\/span><\/p>\n<p><span style=\"color: #000080;\">Pues si Ud., amable lector, me ha acompa\u00f1ado en este desarrollo, habr\u00e1 deducido, aunque no tenga ni idea de econom\u00eda, que si consumimos menos, porque tenemos menos dinero, debido en buena medida a que una buena parte de las familias espa\u00f1olas tienen alguno, varios o a todos sus miembros desempleados, disponemos de menos dinero para gastar y, obviamente, ello hace que disminuya el consumo. Si disminuye el consumo, la l\u00f3gica de esa ley de la oferta y la demanda, se\u00f1ala que se habr\u00eda de producir una disminuci\u00f3n de los precios, como mecanismo incentivador de la reactivaci\u00f3n de las ventas.<\/span><\/p>\n<p><span style=\"color: #000080;\">En la situaci\u00f3n en que nos hallamos en Espa\u00f1a, con un ostensible descenso en el consumo, debido en gran medida a las alt\u00edsima tasa de desempleo, todo indica que los precios deber\u00edan estar a la baja, y la inflaci\u00f3n en tasas pr\u00f3ximas a cero o, incluso, negativas. Pero no sucede esto y, desde hace varios meses, da la sensaci\u00f3n de que la inflaci\u00f3n fuera galopando, previ\u00e9ndose para el finiquitado mes de marzo un 3,6% de incremento respecto del mismo mes del pasado a\u00f1o. Y, \u00bfpor qu\u00e9 sucede esto?. Ya que el incremento de los precios no se debe al aumento del consumo, solo cabe atribuirlo a que los productores de bienes y servicios, solo tienen un recurso para aumentar sus ingresos, cual es el de aumentar los precios.<\/span><\/p>\n<p><span style=\"color: #000080;\">Y aqu\u00ed es donde comienza a planear sobre Espa\u00f1a la negra sombra del fantasma de la <b>estanflaci\u00f3n<\/b>. Para aquellos lectores que no conozcan el t\u00e9rmino, la <b>estanflaci\u00f3n<\/b> es la conjunci\u00f3n, en un pa\u00eds de tres factores: Un elevado \u00edndice de inflaci\u00f3n, un notable incremento en la tasa de desempleo y un estancamiento (o retroceso) de la econom\u00eda que, como indico mas arriba, medimos con el indicador de crecimiento del <b>PIB<\/b>, como representante de la suma, entre otros, de los bienes y servicios consumidos (y por ende, producidos).<\/span><\/p>\n<p><span style=\"color: #000080;\">Mala cosa esto de la estanflaci\u00f3n, por mucho que cada individuo de nuestra sociedad mire para otro sitio ignor\u00e1ndolo, como si eso no fuera con \u00e9l. Esa situaci\u00f3n de estancamiento e inflaci\u00f3n simult\u00e1neos, no es mas que la representaci\u00f3n econ\u00f3mica de un tsunami que, de producirse, arrasa todo lo que encuentra a su paso.<\/span><\/p>\n<p><span style=\"color: #000080;\">\u00bfSoluciones?. Muy pocas. Una de ellas es la intervenci\u00f3n total de la econom\u00eda, por parte del gobierno del pa\u00eds y, mediante una bater\u00eda de ajustes legales, conseguir reactivar el consumo, a costa de un fuerte incremento en la inflaci\u00f3n para, por esta v\u00eda, conseguir disminuir el desempleo y aumentar as\u00ed el Producto Interior Bruto.<\/span><\/p>\n<p><span style=\"color: #000080;\">Pero para ello, es precisa una condici\u00f3n: El Gobierno de turno ha de de considerar los datos estad\u00edsticos en su apreciaci\u00f3n real, sin maquillajes ni mentiras porque, en caso contrario, no habr\u00e1 forma de explicar que teniendo la mejor econom\u00eda del mundo, estando en la Champion Ligue o siendo la envidia de los franceses y habiendo superado a los italianos, como dec\u00eda el denostado ZParo, nos encontremos en este callej\u00f3n sin salida. Sin salida mientras no cambie el gobierno.\u00a0<\/span><\/p>\n<p style=\"text-align: right;\"><span style=\"color: #000080;\"><i>Jos\u00e9 Ignacio S\u00e1nchez Rubio<\/i><\/span><\/p>\n<p align=\"right\"><span style=\"color: #000080;\"><i>Abogado y economista<\/i><\/span><\/p>\n<p align=\"right\"><span style=\"color: #000080;\"><i>ignacio@rwall.es<\/i><\/span><\/p>\n<p>&nbsp;<\/p>\n","protected":false},"excerpt":{"rendered":"<p>Art\u00edculo de opini\u00f3n publicado en Lancelot Digital el 11 de abril de 2.011 (Pinche aqu\u00ed para ver publicaci\u00f3n) El fantasma de la estanflaci\u00f3n Lamentablemente, hoy toca hablar de econom\u00eda. Digo lamentablemente, porque, como dicen los que entienden de medios de &hellip; <a href=\"https:\/\/sanchezrubio.eu\/?page_id=15\">Sigue leyendo <span class=\"meta-nav\">&rarr;<\/span><\/a><\/p>\n","protected":false},"author":1,"featured_media":0,"parent":97,"menu_order":0,"comment_status":"open","ping_status":"closed","template":"","meta":{"_bbp_topic_count":0,"_bbp_reply_count":0,"_bbp_total_topic_count":0,"_bbp_total_reply_count":0,"_bbp_voice_count":0,"_bbp_anonymous_reply_count":0,"_bbp_topic_count_hidden":0,"_bbp_reply_count_hidden":0,"_bbp_forum_subforum_count":0,"footnotes":""},"class_list":["post-15","page","type-page","status-publish","hentry"],"_links":{"self":[{"href":"https:\/\/sanchezrubio.eu\/index.php?rest_route=\/wp\/v2\/pages\/15","targetHints":{"allow":["GET"]}}],"collection":[{"href":"https:\/\/sanchezrubio.eu\/index.php?rest_route=\/wp\/v2\/pages"}],"about":[{"href":"https:\/\/sanchezrubio.eu\/index.php?rest_route=\/wp\/v2\/types\/page"}],"author":[{"embeddable":true,"href":"https:\/\/sanchezrubio.eu\/index.php?rest_route=\/wp\/v2\/users\/1"}],"replies":[{"embeddable":true,"href":"https:\/\/sanchezrubio.eu\/index.php?rest_route=%2Fwp%2Fv2%2Fcomments&post=15"}],"version-history":[{"count":4,"href":"https:\/\/sanchezrubio.eu\/index.php?rest_route=\/wp\/v2\/pages\/15\/revisions"}],"predecessor-version":[{"id":100,"href":"https:\/\/sanchezrubio.eu\/index.php?rest_route=\/wp\/v2\/pages\/15\/revisions\/100"}],"up":[{"embeddable":true,"href":"https:\/\/sanchezrubio.eu\/index.php?rest_route=\/wp\/v2\/pages\/97"}],"wp:attachment":[{"href":"https:\/\/sanchezrubio.eu\/index.php?rest_route=%2Fwp%2Fv2%2Fmedia&parent=15"}],"curies":[{"name":"wp","href":"https:\/\/api.w.org\/{rel}","templated":true}]}}