{"id":164,"date":"2014-04-18T07:42:41","date_gmt":"2014-04-18T05:42:41","guid":{"rendered":"http:\/\/sanchezrubio.eu\/?page_id=164"},"modified":"2014-04-18T07:46:03","modified_gmt":"2014-04-18T05:46:03","slug":"atidamana","status":"publish","type":"page","link":"https:\/\/sanchezrubio.eu\/?page_id=164","title":{"rendered":"Atidamana"},"content":{"rendered":"<div class=\"shariff\" data-title=\"Atidamana\" data-info-url=\"http:\/\/ct.de\/-2467514\" data-backend-url=\"https:\/\/sanchezrubio.eu\/wp-content\/plugins\/shariff-sharing\/backend\/index.php\" data-temp=\"\/tmp\" data-ttl=\"60\" data-service=\"gftr\" data-services='[\"googleplus\",\"facebook\",\"twitter\",\"reddit\",\"info\"]' data-image=\"\" data-url=\"https:\/\/sanchezrubio.eu\/?page_id=164\" data-lang=\"es\" data-theme=\"colored\" data-orientation=\"horizontal\"><\/div><p><b>Art\u00edculo de opini\u00f3n publicado en Lancelot Digital el\u00a020 de\u00a0marzo de 2.011.<\/b> <a href=\"http:\/\/lancelotdigital.com\/opinion\/opinion-atidamana\" target=\"_blank\"><strong>(Pinche aqu\u00ed para ver publicaci\u00f3n)<\/strong><\/a><\/p>\n<p>&nbsp;<\/p>\n<p align=\"center\"><b>Atidamana<\/b><\/p>\n<p>El lunes pasado hab\u00eda quedado con un compa\u00f1ero abogado para tomar un caf\u00e9 y charlar acerca de un asunto de trabajo. Pues cuando est\u00e1bamos enfrascados en nuestra tertulia, se acerc\u00f3 a nuestra mesa una se\u00f1ora guap\u00edsima y, t\u00edmidamente, me pregunt\u00f3 si pod\u00eda hablar conmigo.<\/p>\n<p>Instant\u00e1neamente me acord\u00e9 de Ricardo, el se\u00f1or que me abord\u00f3 en Isla Bonita y que ya les cont\u00e9 hace unas semanas, pero claro, aquellos ojazos azules no ten\u00edan ni pinta de comparaci\u00f3n con los de Ricardo.<\/p>\n<p>Fue mi contertulio el que, sinti\u00e9ndose como gallina en corral ajeno, que se dice, la invit\u00f3 a sentarse: \u201c<i>No hay inconveniente, yo les dejo<\/i>\u201d. Y despidi\u00e9ndose con un: \u201c<i>Ignacio, nos llamamos y concluimos este asunto<\/i>\u201d, se ausent\u00f3 mientras de reojo iba atento, porque supon\u00eda que all\u00ed hab\u00eda plan.<\/p>\n<p>La se\u00f1ora, muy cortada a\u00fan, me indic\u00f3: \u201c<i>No quiero molestarle, don Jos\u00e9 Ignacio, pero le he reconocido y, como Ud. da siempre buenos consejos, me he atrevido a preguntarle. \u00bfpodr\u00eda contarle mi problema?<\/i>\u201d.<\/p>\n<p>En este punto, mientras yo le contestaba afirmativamente, me puse a pensar que, si siguen las cosas as\u00ed, la gente va a pensar que tengo el despacho en las cafeter\u00edas y restaurantes pero, por otra parte, soy hombre, no tengo compromisos afectivos y, \u00bfque quieren?, no me importaba que me abordaran se\u00f1oras como aquella.<\/p>\n<p>Ya mas relajada, se present\u00f3: <i>Don Jos\u00e9 Ignacio, me llamo \u00bf&#8230;.?<\/i>. Y me dijo un nombre que no entend\u00ed. <i>\u00bfComo ha dicho que se llama?. <\/i>Lo repiti\u00f3 y yo le entend\u00ed \u201c<i>Antimana<\/i>\u201d, o algo parecido, as\u00ed que insist\u00ed: <i>Perdone pero no lo he entendido bien, \u00bfPuede Ud. escribirlo?<\/i>. S\u00ed claro y sacando un bol\u00edgrafo del bolso, en una servilleta de papel escribi\u00f3: <b>ATIDAMANA<\/b>.<\/p>\n<p>Siempre me han llamado la atenci\u00f3n los nombres canarios de ascendencia guanche, pero como soy un zoquete en cuestiones antropon\u00edmicas, y no lo relacionaba con esta tierra de mis amores, me aventur\u00e9 a preguntarle, <i>\u00bfEse nombre es vasco?<\/i>. Ella se echo a re\u00edr, como el que r\u00ede un chiste, pero con un deje de conmiseraci\u00f3n por mi oscurantismo. <i>No, don Jos\u00e9 Ignacio, es un nombre guanche. Atidamana era la esposa de Gumidafe. Fueron los Reyes de Galdar y gobernaron toda la isla de Gran Canaria.<\/i><\/p>\n<p>Yo, a estas alturas de la conversaci\u00f3n, estaba absolutamente seducido por Atidamana. Aquellos ojazos azules&#8230;, aquel collar de perlas blanqu\u00edsimas que ten\u00eda por dentadura&#8230;, su melena negra&#8230; (que para m\u00ed la hubiera querido yo). Bueno, que hab\u00eda ca\u00eddo en sus encantos. Y lo peor es que me daba cuenta que ella lo sab\u00eda.<\/p>\n<p>Consegu\u00ed reaccionar y le pregunt\u00e9, sin llamarla por su nombre porque aturdido como estaba, no quer\u00eda hacer el rid\u00edculo pronunci\u00e1ndolo mal: <i>\u00bfD\u00edgame en que le puedo servir?.<\/i><\/p>\n<p>Me cont\u00f3 que sus padres hab\u00edan fallecido recientemente en un accidente y que ten\u00eda una hermana mayor que la odiaba desde que naci\u00f3, porque seg\u00fan le hab\u00edan contado sus padres, nunca soport\u00f3 que viniera ella a desbancarla en el cari\u00f1o de sus padres. Vamos, una historia de celos, habitual entre hermanos.<\/p>\n<p>Sus padres hab\u00edan hecho testamento en el que las declaraban a ambas herederas universales a partes iguales, pero que la hermana, que era la que siempre hab\u00eda llevado la voz cantante en cuestiones de dinero, quer\u00eda quedarse con la mayor parte de la herencia, a base de valorar ella las fincas y las casas que dejaron sus padres, y luego quedarse con las que mas le conven\u00edan.<\/p>\n<p>Me pregunt\u00f3 si eso lo pod\u00eda hacer y a\u00f1adi\u00f3 que su hermana ten\u00eda unos abogados de Las Palmas que eran muy buenos.<\/p>\n<p>Su relato me hab\u00eda vuelto a subyugar, hasta el punto de que me parec\u00eda estar viviendo un cuento del estilo de la Cenicienta. Faltaba la malvada madrastra, pero me daba la impresi\u00f3n de que la p\u00e9rfida hermana se bastaba sola. Era como si mi imaginaci\u00f3n me llevara a ocupar el papel del pr\u00edncipe resplandeciente que hace justicia y se lleva como premio a la princesa. Aunque mas bien mi imagen me asemeje al sapo en que se encarna al pr\u00edncipe encantado.<\/p>\n<p>Yo la tranquilic\u00e9. Primero, en cuanto a los abogados de la hermana (que con su descripci\u00f3n me hab\u00eda picado en el amor propio), le dije que no se preocupara, que por buenos que fueran los rivales, acabar\u00edamos con ellos. Vamos que parec\u00eda yo Don Quijote enfrent\u00e1ndose a los molinos de viento.<\/p>\n<p>Le indiqu\u00e9 que, para empezar, ella ten\u00eda los mismos derechos que la hermana, que la valoraci\u00f3n de los bienes, de no estar de acuerdo, la har\u00eda un perito imparcial designado por el Juez, que en cuanto a la adjudicaci\u00f3n de bienes, si tampoco hab\u00eda acuerdo, lo decidir\u00eda igualmente el Juez y, en el peor de los casos, se vender\u00edan en publica subasta y cada una de las hermanas recibir\u00eda la mitad&#8230;<\/p>\n<p>Aqu\u00ed, Atidamana me pregunt\u00f3 si yo podr\u00eda defenderla. \u00bfVaya pregunta?. Por supuesto le dije que s\u00ed, mientras para mis adentros me preguntaba a quien hay que matar para ello.<\/p>\n<p>Le d\u00ed cita en mi despacho para dentro de unos d\u00edas, y le hice una lista de la documentaci\u00f3n que ten\u00eda que traerme. Ella se levant\u00f3 y me extendi\u00f3 su mano. Durante unos instantes titube\u00e9 entre besar su mano o estrech\u00e1rsela. Opt\u00e9 por lo segundo y, en ese momento, sent\u00ed la sensaci\u00f3n de que a Atidamana nadie le har\u00eda da\u00f1o alguno mientras yo viva.<\/p>\n<p>Ya les contar\u00e9.<\/p>\n<p align=\"right\"><i>Jos\u00e9 Ignacio Sanchez Rubio<\/i><\/p>\n<p align=\"right\"><i>Abogado y economista<\/i><\/p>\n<p align=\"right\"><i>ignacio@rwall.es<\/i><\/p>\n","protected":false},"excerpt":{"rendered":"<p>Art\u00edculo de opini\u00f3n publicado en Lancelot Digital el\u00a020 de\u00a0marzo de 2.011. (Pinche aqu\u00ed para ver publicaci\u00f3n) &nbsp; Atidamana El lunes pasado hab\u00eda quedado con un compa\u00f1ero abogado para tomar un caf\u00e9 y charlar acerca de un asunto de trabajo. Pues &hellip; <a href=\"https:\/\/sanchezrubio.eu\/?page_id=164\">Sigue leyendo <span class=\"meta-nav\">&rarr;<\/span><\/a><\/p>\n","protected":false},"author":1,"featured_media":0,"parent":156,"menu_order":1,"comment_status":"open","ping_status":"open","template":"","meta":{"_bbp_topic_count":0,"_bbp_reply_count":0,"_bbp_total_topic_count":0,"_bbp_total_reply_count":0,"_bbp_voice_count":0,"_bbp_anonymous_reply_count":0,"_bbp_topic_count_hidden":0,"_bbp_reply_count_hidden":0,"_bbp_forum_subforum_count":0,"footnotes":""},"class_list":["post-164","page","type-page","status-publish","hentry"],"_links":{"self":[{"href":"https:\/\/sanchezrubio.eu\/index.php?rest_route=\/wp\/v2\/pages\/164","targetHints":{"allow":["GET"]}}],"collection":[{"href":"https:\/\/sanchezrubio.eu\/index.php?rest_route=\/wp\/v2\/pages"}],"about":[{"href":"https:\/\/sanchezrubio.eu\/index.php?rest_route=\/wp\/v2\/types\/page"}],"author":[{"embeddable":true,"href":"https:\/\/sanchezrubio.eu\/index.php?rest_route=\/wp\/v2\/users\/1"}],"replies":[{"embeddable":true,"href":"https:\/\/sanchezrubio.eu\/index.php?rest_route=%2Fwp%2Fv2%2Fcomments&post=164"}],"version-history":[{"count":5,"href":"https:\/\/sanchezrubio.eu\/index.php?rest_route=\/wp\/v2\/pages\/164\/revisions"}],"predecessor-version":[{"id":169,"href":"https:\/\/sanchezrubio.eu\/index.php?rest_route=\/wp\/v2\/pages\/164\/revisions\/169"}],"up":[{"embeddable":true,"href":"https:\/\/sanchezrubio.eu\/index.php?rest_route=\/wp\/v2\/pages\/156"}],"wp:attachment":[{"href":"https:\/\/sanchezrubio.eu\/index.php?rest_route=%2Fwp%2Fv2%2Fmedia&parent=164"}],"curies":[{"name":"wp","href":"https:\/\/api.w.org\/{rel}","templated":true}]}}