{"id":201,"date":"2014-04-27T15:00:55","date_gmt":"2014-04-27T13:00:55","guid":{"rendered":"http:\/\/sanchezrubio.eu\/?page_id=201"},"modified":"2014-04-27T15:00:55","modified_gmt":"2014-04-27T13:00:55","slug":"el-valor-de-los-suicidas","status":"publish","type":"page","link":"https:\/\/sanchezrubio.eu\/?page_id=201","title":{"rendered":"El valor de los suicidas"},"content":{"rendered":"<div class=\"shariff\" data-title=\"El valor de los suicidas\" data-info-url=\"http:\/\/ct.de\/-2467514\" data-backend-url=\"https:\/\/sanchezrubio.eu\/wp-content\/plugins\/shariff-sharing\/backend\/index.php\" data-temp=\"\/tmp\" data-ttl=\"60\" data-service=\"gftr\" data-services='[\"googleplus\",\"facebook\",\"twitter\",\"reddit\",\"info\"]' data-image=\"\" data-url=\"https:\/\/sanchezrubio.eu\/?page_id=201\" data-lang=\"es\" data-theme=\"colored\" data-orientation=\"horizontal\"><\/div><p><span style=\"text-decoration: underline;\"><strong>Art\u00edculo de opini\u00f3n publicado en Lancelot Digital el 3 de marzo de 2.013<\/strong><\/span><a href=\"http:\/\/lancelotdigital.com\/opinion\/8571-opinion-el-valor-de-los-suicidas\" target=\"_blank\"><strong>(Pinche aqu\u00ed para ver publicaci\u00f3n)<\/strong><\/a><\/p>\n<p><strong>El valor de los suicidas<\/strong><\/p>\n<p>26 de febrero de 2.013<\/p>\n<p>\u00bfQue es lo que lleva a una persona a suicidarse?. Esta es la pregunta que, a pesar de las cartas que, in extremis, dejan algunas personas antes de quitarse la vida, no han podido contestar psic\u00f3logos, psiquiatras, soci\u00f3logos, sacerdotes y otros profesionales de la mente.<\/p>\n<p>En la crisis burs\u00e1til de 1.929, fueron muchos los que, en Estados Unidos, se quitaron la vida acuciados, seg\u00fan parece, por la crisis econ\u00f3mica.<\/p>\n<p>Hoy, ochenta y tantos a\u00f1os mas tarde, parece que el fen\u00f3meno se repite. Nadie podr\u00e1 asegurar si esta fenomenolog\u00eda de los suicidios se debe a razones econ\u00f3micas, sentimentales, emocionales o a otras causas. Lo cierto es que, el ser humano, acuciado por problemas humanos, a veces tira la toalla y decide quitarse la vida.<\/p>\n<p>Y al \u00fanico que no parece preocuparle esta cuesti\u00f3n es al Estado. Y debe ser tonto el Estado, porque con cada suicida le desaparece un cliente. Un cliente al que, forzosamente, ese Estado ha convertido en contribuyente y cotizante de la Seguridad Social.<\/p>\n<p>En los \u00faltimos meses, son ya demasiadas las personas que se han suicidado. Los pol\u00edticos, o miran para otro lado desentendi\u00e9ndose de la cuesti\u00f3n, o achacan la decisi\u00f3n a causas no imputables a ellos.<\/p>\n<p>Pero la realidad es que, en la mayor parte de los casos, los suicidios obedecen a causas econ\u00f3micas. Y ello en una sociedad mal llamada del bienestar por los pol\u00edticos, en la que se empe\u00f1an en hacernos comulgar con ruedas de molino, haci\u00e9ndonos ver la solidaridad del Estado para con todos los ciudadanos que acoge.<\/p>\n<p>He de reconocer, por haberme encontrado en una ocasi\u00f3n en ese t\u00fanel de luz venturosa, que separa esta vida de la otra, que no me da ning\u00fan temor la muerte, a diferencia de lo que ocurre con el com\u00fan de los mortales que, apesadumbrados por el terror al mas all\u00e1, se aferran con u\u00f1as y dientes a esta vida, por muy perra y m\u00edsera que sea.<\/p>\n<p>Y tambi\u00e9n he de confesarles que, en mas de una ocasi\u00f3n, ha pasado por mi mente la idea de viajar a esa otra vida (hay vida despu\u00e9s de la vida), habida cuenta de que en esta no hay otra cosa que vividores, ganapanes, miserables y conformistas. Pero, para quitarse la vida, hace falta una dosis de valor que no la contiene cualquier esp\u00edritu. Porque los suicidas manifiestan una fuerza que domina, necesariamente, al miedo de lo que les espera despu\u00e9s de ese ultimo acto. Incluso, es casi seguro que pasa por su mente la posibilidad de no conseguir su intento y las consecuencias de ello.<\/p>\n<p>No desear\u00eda que consideren que estoy haciendo una apolog\u00eda del suicidio, porque esto es algo que va en contra de la naturaleza y de la moralidad que pueda caber dentro de cada uno de nosotros, pero me he preguntado mas de una vez si queda otra soluci\u00f3n que esa del suicidio. Porque los ant\u00eddotos del suicidio son la ilusi\u00f3n, la fe, el animo y la confianza, que no son otra cosa que sin\u00f3nimos de esperanza; esperanza de una vida mejor, mas c\u00f3moda, mas f\u00e1cil, o, como les agrada decir a nuestros pol\u00edticos, de econom\u00eda del bienestar.<\/p>\n<p>Y, cuando nos faltan esos alicientes, \u00bfpara que vivir?. Y eso, y no otra cosa, es lo que pasa por la mente de los suicidas.<\/p>\n<p>Yo le preguntar\u00eda a Ud., amigo lector, si ha sentido que le faltan la fe, la esperanza y la ilusi\u00f3n de vivir. Si su respuesta es afirmativa, estar\u00e1 comprendiendo plenamente de que hablo; en caso contrario, yo soy el equivocado y merezco la hoguera de los paganos de la Edad Media. Al fin y al cabo, muchos perecieron por ese empecinamiento humano de sostener que los que est\u00e1n equivocados son los dem\u00e1s.<\/p>\n<p>Por mi parte, como he se\u00f1alado anteriormente, mas de una vez ha pasado por mi cabeza la idea del suicidio, y por eso comprendo a los suicidas. Pero soy un cobarde y nunca tendr\u00e9 valor para dar ese paso. \u00bfO tal vez s\u00ed?<\/p>\n<p>Servidor de Uds.<\/p>\n<p style=\"text-align: right;\"><em>Jos\u00e9 Ignacio S\u00e1nchez Rubio<\/em><\/p>\n<p style=\"text-align: right;\"><em>Abogado y economista.<\/em><\/p>\n<p style=\"text-align: right;\"><em>ignacio@rwall.es<\/em><\/p>\n","protected":false},"excerpt":{"rendered":"<p>Art\u00edculo de opini\u00f3n publicado en Lancelot Digital el 3 de marzo de 2.013(Pinche aqu\u00ed para ver publicaci\u00f3n) El valor de los suicidas 26 de febrero de 2.013 \u00bfQue es lo que lleva a una persona a suicidarse?. Esta es la &hellip; <a href=\"https:\/\/sanchezrubio.eu\/?page_id=201\">Sigue leyendo <span class=\"meta-nav\">&rarr;<\/span><\/a><\/p>\n","protected":false},"author":1,"featured_media":0,"parent":156,"menu_order":3,"comment_status":"open","ping_status":"open","template":"","meta":{"_bbp_topic_count":0,"_bbp_reply_count":0,"_bbp_total_topic_count":0,"_bbp_total_reply_count":0,"_bbp_voice_count":0,"_bbp_anonymous_reply_count":0,"_bbp_topic_count_hidden":0,"_bbp_reply_count_hidden":0,"_bbp_forum_subforum_count":0,"footnotes":""},"class_list":["post-201","page","type-page","status-publish","hentry"],"_links":{"self":[{"href":"https:\/\/sanchezrubio.eu\/index.php?rest_route=\/wp\/v2\/pages\/201","targetHints":{"allow":["GET"]}}],"collection":[{"href":"https:\/\/sanchezrubio.eu\/index.php?rest_route=\/wp\/v2\/pages"}],"about":[{"href":"https:\/\/sanchezrubio.eu\/index.php?rest_route=\/wp\/v2\/types\/page"}],"author":[{"embeddable":true,"href":"https:\/\/sanchezrubio.eu\/index.php?rest_route=\/wp\/v2\/users\/1"}],"replies":[{"embeddable":true,"href":"https:\/\/sanchezrubio.eu\/index.php?rest_route=%2Fwp%2Fv2%2Fcomments&post=201"}],"version-history":[{"count":1,"href":"https:\/\/sanchezrubio.eu\/index.php?rest_route=\/wp\/v2\/pages\/201\/revisions"}],"predecessor-version":[{"id":202,"href":"https:\/\/sanchezrubio.eu\/index.php?rest_route=\/wp\/v2\/pages\/201\/revisions\/202"}],"up":[{"embeddable":true,"href":"https:\/\/sanchezrubio.eu\/index.php?rest_route=\/wp\/v2\/pages\/156"}],"wp:attachment":[{"href":"https:\/\/sanchezrubio.eu\/index.php?rest_route=%2Fwp%2Fv2%2Fmedia&parent=201"}],"curies":[{"name":"wp","href":"https:\/\/api.w.org\/{rel}","templated":true}]}}