{"id":348,"date":"2015-08-02T21:27:07","date_gmt":"2015-08-02T19:27:07","guid":{"rendered":"http:\/\/sanchezrubio.eu\/?page_id=348"},"modified":"2015-08-02T21:29:48","modified_gmt":"2015-08-02T19:29:48","slug":"las-autonosuyas","status":"publish","type":"page","link":"https:\/\/sanchezrubio.eu\/?page_id=348","title":{"rendered":"Las Autonosuyas"},"content":{"rendered":"<div class=\"shariff\" data-title=\"Las Autonosuyas\" data-info-url=\"http:\/\/ct.de\/-2467514\" data-backend-url=\"https:\/\/sanchezrubio.eu\/wp-content\/plugins\/shariff-sharing\/backend\/index.php\" data-temp=\"\/tmp\" data-ttl=\"60\" data-service=\"gftr\" data-services='[\"googleplus\",\"facebook\",\"twitter\",\"reddit\",\"info\"]' data-image=\"\" data-url=\"https:\/\/sanchezrubio.eu\/?page_id=348\" data-lang=\"es\" data-theme=\"colored\" data-orientation=\"horizontal\"><\/div><p style=\"text-align: justify;\"><a href=\"https:\/\/sanchezrubio.eu\/wp-content\/uploads\/2015\/06\/LDsmall.jpg\"><img loading=\"lazy\" decoding=\"async\" class=\"alignleft size-full wp-image-304\" src=\"https:\/\/sanchezrubio.eu\/wp-content\/uploads\/2015\/06\/LDsmall.jpg\" alt=\"LDsmall\" width=\"194\" height=\"158\" \/><\/a>Un amigo me ha hecho recordar este art\u00edculo que publiqu\u00e9 en el semanario Lancelot, de Arrecife, cuatro meses despu\u00e9s de que el Partido Popular se hiciera cargo del Gobierno de Espa\u00f1a a finales de 2.011. Como, lamentablemente, el tema sigue estando vigente, lo traigo a este blog con la idea de hacer recapacitar a mis paisanos espa\u00f1oles acerca de la indiscutible y costosa inutilidad de la Comunidades Aut\u00f3nomas.<\/p>\n<p style=\"text-align: center;\">11 de abril de 2.012<\/p>\n<p style=\"text-align: justify;\">Despu\u00e9s del par\u00e9ntesis vacacional de la Semana Santa, vuelve la realidad. Y vuelve con contumacia. La realidad es machacona y por mucho que nos empe\u00f1emos en silbar y mirar para otro lado, ah\u00ed est\u00e1 detr\u00e1s de nosotros como si fuera el cobrador del frac. Se coge antes a un mentiroso que a un cojo (y a un sordo, a\u00f1adir\u00eda yo).<\/p>\n<p style=\"text-align: justify;\">Han pasado ya los cl\u00e1sicos cien d\u00edas de bula que suele d\u00e1rseles a todos los gobiernos y, seg\u00fan parece, vuelve a hacerse realidad aquel viejo y burdo refr\u00e1n \u201c<strong><em>todo prometer hasta meter y &#8230;<\/em><\/strong>\u201d. Hasta ahora, yo era uno de los millones de esperanzados con las medidas que el Partido Popular, en su campa\u00f1a electoral, nos hab\u00eda prometido: y por eso, yo fui uno de los votantes de Rajoy. Ahora empiezo ya a sentir cierta inquietud e intranquilidad porque tengo la vaga sensaci\u00f3n que se est\u00e1 cumpliendo la segunda parte del augurio: <strong><em>\u201c&#8230; olvidar lo prometido\u201d<\/em><\/strong>.<\/p>\n<p style=\"text-align: justify;\">No sabr\u00eda explic\u00e1rselo a Uds. con exactitud, pero esta sensaci\u00f3n es parecida a la que debe sentir alguien cansado, que respira aliviado cuando ve una silla vac\u00eda y, cuando sus posaderas ya han iniciado el descenso hacia el relajo, percibe que alguien est\u00e1 movi\u00e9ndola.<\/p>\n<p style=\"text-align: justify;\">Porque los populares nos hab\u00edan prometido el oro y el moro. Bueno el moro no, que eso era cosa de Zapatero. Pero nos hab\u00edan prometido unas reformas de infarto, y tan solo han presentado unas reformas de sal\u00f3n. Tanto es as\u00ed, que, al d\u00eda siguiente de anunciar los presupuestos, ya est\u00e1n anunciando otros recortes adicionales de diez mil millones mas. Pero las subvenciones a los sindicatos y a los partidos pol\u00edticos, ah\u00ed siguen. Y las televisiones p\u00fablicas, tambi\u00e9n. Y la duplicidad o triplicidad de \u00f3rganos estatales, que se solapan con hom\u00f3logos auton\u00f3micos para aumentar el numero de enchufados. Claro, cuando encendemos el situaci\u00f3metro, para ver como va la cosa econ\u00f3mica, sale lo que tiene que salir: La prima de riesgo por encima de los 430 puntos y el Ibex 35 rozando los 7.400 puntos, pero hacia abajo.<\/p>\n<p style=\"text-align: justify;\">Tal vez Ud., paciente lector, se pregunte que es lo que esto significa, y que a Ud. que mas le da, si no tiene acciones y, tal vez, pertenezca a es casta privilegiada de los que no tienen hipoteca y tienen un empleo, y encima les pagan la n\u00f3mina. Pues tiene much\u00edsima importancia tambi\u00e9n para Ud. aunque no se lo parezca. Porque con tanto jueguecito pol\u00edtico que est\u00e1 practicando Rajoy, intentando no desagradar a ning\u00fan opositor, lo que est\u00e1 sucediendo es que los mercados nos siguen castigando y puede llegar el momento en que el Estado no venda un solo euro de deuda p\u00fablica y, en ese momento, ver\u00e1 Ud. como si que le afecta.<\/p>\n<p style=\"text-align: justify;\">Y, perm\u00edtanme Uds. la arrogancia: yo creo tener la soluci\u00f3n. Y la soluci\u00f3n no es otra que emprender el camino inverso al que nos llevo a la situaci\u00f3n de las Autonom\u00edas. Si empleo el t\u00edtulo del encabezamiento, no es por otra cosa que porque, una vez mas, vuelve a mi memoria aquel amigo entra\u00f1able que se nos fue: <strong>Don Fernando Vizca\u00edno Casas<\/strong>.<\/p>\n<p style=\"text-align: justify;\">Con su fino humor y su inteligente pluma, como profeta en su tierra, hace mas de 30 a\u00f1os escribi\u00f3 \u201c<strong><em>Las Autonosuyas<\/em><\/strong>\u201d, obra magistral en la que, como en muchas otras, caricaturizaba la, entonces, incipiente democracia que se acababa de iniciar un par de a\u00f1os antes. Yo, adem\u00e1s de lanzarme a su compra en cuanto sali\u00f3 a las librer\u00edas, acud\u00ed a deleitarme con la versi\u00f3n cinematogr\u00e1fica que llev\u00f3 a la pantalla el eterno Rafael Gil. \u00bfY por qu\u00e9 les cuento esto?.\u00a0 Simple, porque volviendo a releer la obra del amigo de todos, me parece que estuviera leyendo los titulares de cualquier peri\u00f3dico de estos d\u00edas.<\/p>\n<p style=\"text-align: justify;\">Se\u00f1oras y se\u00f1ores, estamos empezando a pagar el coste de las Autonom\u00edas y, ahora, ning\u00fan pol\u00edtico quiere acabar con el derroche. Puede que porque considere que si lo hace, le echar\u00e1n sus propios compa\u00f1eros de correr\u00edas pol\u00edticas. O puede que considere que, como de todas formas le van a echar en poco tiempo, \u201c<strong><em>que le quiten lo bailao<\/em><\/strong>\u201d. El caso es que hay que decirlo. Y yo lo digo, por lo que respecta a mi opini\u00f3n: Se\u00f1oras y se\u00f1ores, las Autonom\u00edas nos sobran. Hay que prescindir de ellas. En su totalidad. \u00bfPara qu\u00e9 necesitamos 17 modelos de sanidad?, U otros tantos de educaci\u00f3n. \u00bfY que me dicen de 17 haciendas?. Pero, sobre todo, para qu\u00e9 tanto pol\u00edtico, y tanto asesor, y tanto medio de comunicaci\u00f3n p\u00fablico y &#8230;. me paro, porque noto que se me sube, se me sube y se me baja, la sangre por todo el cuerpo, como cantaba el coro de la Zarzuela La Corte del Fara\u00f3n.<\/p>\n<p style=\"text-align: justify;\">Esto de las Autonom\u00edas, todo hay que decirlo, es lo mas inversamente parecido al recorrido l\u00f3gico y normal de los estados. Lo normal, es que los estados se agrupen en uno solo o en una federaci\u00f3n, cediendo cada uno de ellos parte de su soberan\u00eda en favor del nuevo estado. Aqu\u00ed, chulos nosotros, lo hacemos al rev\u00e9s, vamos cediendo, poco a poco, soberan\u00eda en favor de las Autonom\u00edas, con dos consecuencias: Nos costar\u00e1 m\u00e1s y desaparecer\u00e1 Espa\u00f1a. Pero, de verdad, lo que me irrita mas de todo, es que Esperanza Aguirre le haya planteado a Rajoy dar pasos hacia atr\u00e1s, en la direcci\u00f3n que se\u00f1alo, y el Presidente haya silbado y se haya puesto a mirar para otro lado. Y lo mas curioso de todo es que est\u00e1bamos encantados de integrarnos en Europa. Ya veremos si no nos echan. Con todo esto, a mi lo que dan ganas es de crear mi propia autonom\u00eda; para m\u00ed y para todos los que quieran pagarme impuestos.<\/p>\n<p style=\"text-align: justify;\">Por cierto, \u00bfsab\u00edan Uds. que el <strong><em>farfullo<\/em><\/strong> es una lengua espa\u00f1ola? \u00bfno?. Pues si quieren comprobarlo, busquen por ah\u00ed el libro de Vizca\u00edno Casas y, si pueden, traten de buscar la pel\u00edcula; adem\u00e1s de reirse con un Alfredo Landa 30 a\u00f1os mas joven, se dar\u00e1n cuenta de que tengo mas raz\u00f3n que un santo.<\/p>\n<p style=\"text-align: right;\"><em>Jos\u00e9 Ignacio S\u00e1nchez Rubio<\/em><\/p>\n<p style=\"text-align: right;\"><em>Abogado y economista<\/em><\/p>\n","protected":false},"excerpt":{"rendered":"<p>Un amigo me ha hecho recordar este art\u00edculo que publiqu\u00e9 en el semanario Lancelot, de Arrecife, cuatro meses despu\u00e9s de que el Partido Popular se hiciera cargo del Gobierno de Espa\u00f1a a finales de 2.011. Como, lamentablemente, el tema sigue &hellip; <a href=\"https:\/\/sanchezrubio.eu\/?page_id=348\">Sigue leyendo <span class=\"meta-nav\">&rarr;<\/span><\/a><\/p>\n","protected":false},"author":1,"featured_media":0,"parent":97,"menu_order":0,"comment_status":"open","ping_status":"open","template":"","meta":{"_bbp_topic_count":0,"_bbp_reply_count":0,"_bbp_total_topic_count":0,"_bbp_total_reply_count":0,"_bbp_voice_count":0,"_bbp_anonymous_reply_count":0,"_bbp_topic_count_hidden":0,"_bbp_reply_count_hidden":0,"_bbp_forum_subforum_count":0,"footnotes":""},"class_list":["post-348","page","type-page","status-publish","hentry"],"_links":{"self":[{"href":"https:\/\/sanchezrubio.eu\/index.php?rest_route=\/wp\/v2\/pages\/348","targetHints":{"allow":["GET"]}}],"collection":[{"href":"https:\/\/sanchezrubio.eu\/index.php?rest_route=\/wp\/v2\/pages"}],"about":[{"href":"https:\/\/sanchezrubio.eu\/index.php?rest_route=\/wp\/v2\/types\/page"}],"author":[{"embeddable":true,"href":"https:\/\/sanchezrubio.eu\/index.php?rest_route=\/wp\/v2\/users\/1"}],"replies":[{"embeddable":true,"href":"https:\/\/sanchezrubio.eu\/index.php?rest_route=%2Fwp%2Fv2%2Fcomments&post=348"}],"version-history":[{"count":1,"href":"https:\/\/sanchezrubio.eu\/index.php?rest_route=\/wp\/v2\/pages\/348\/revisions"}],"predecessor-version":[{"id":350,"href":"https:\/\/sanchezrubio.eu\/index.php?rest_route=\/wp\/v2\/pages\/348\/revisions\/350"}],"up":[{"embeddable":true,"href":"https:\/\/sanchezrubio.eu\/index.php?rest_route=\/wp\/v2\/pages\/97"}],"wp:attachment":[{"href":"https:\/\/sanchezrubio.eu\/index.php?rest_route=%2Fwp%2Fv2%2Fmedia&parent=348"}],"curies":[{"name":"wp","href":"https:\/\/api.w.org\/{rel}","templated":true}]}}